 + 9*z + 31. What are the prime factors of x(i)?
2, 7
Let k(a) = a**3 - 9*a**2 + 30*a - 82. Let d be k(7). Suppose 656 = 31*h - d*h. What are the prime factors of h?
2, 41
Suppose -2*o - 3*o + 235 = 0. Let a(q) = 12*q**2 + 215*q - 61. Let s be a(-18). Let n = s + o. List the prime factors of n.
2
Let g(n) = 44*n**2 - 21*n - 13. Let v(u) = -222*u**2 + 104*u + 66. Let m(y) = 11*g(y) + 2*v(y). List the prime factors of m(-4).
7, 103
Let t = 79 + -77. Suppose -t*m + 792 = -346. What are the prime factors of m?
569
Let q(g) = 945*g**2 + 21*g + 70. What are the prime factors of q(-3)?
2, 7, 19
Suppose -186*p = -184*p + 4*l - 39572, 4*l = -p + 19776. What are the prime factors of p?
2, 7, 101
Let y(w) = 3*w - 3. Let g(q) = -q**3 - 5*q**2 - q. Let x = -23 - -18. Let c be g(x). List the prime factors of y(c).
2, 3
Let x(y) = -578*y + 639. What are the prime factors of x(-8)?
19, 277
Let w(y) = -y**3 + 20*y**2 - 36*y + 11. Let r be w(18). What are the prime factors of (-1)/r + 21981/33?
2, 3, 37
Let n(p) = -p**2 - 9*p - 4. Let v be n(-8). Suppose u - v*u + 75 = 0. Suppose 6 = k + f, -4*k - f - 4*f + u = 0. List the prime factors of k.
5
Let t be (-24 - -17)*(-4)/14. Suppose 0*x - x + 5 = 0, -t*x - 754 = -4*w. What are the prime factors of w?
191
Let m(h) = -3531*h - 990. What are the prime factors of m(-8)?
2, 3, 7, 11, 59
Suppose 6*m - 8*m = -16. Suppose -5*a - m*v + 10*v + 448 = 0, -4*v - 192 = -2*a. What are the prime factors of a?
2, 11
Let w(y) = -5254*y**3 + y**2 - 4*y - 6. What are the prime factors of w(-1)?
3, 17, 103
Let t be (1 - 1)/(2 - (-1 - 0)). Suppose t*l + l + 3*b = 9, -25 = -5*l - 5*b. Suppose l*h - 8 - 64 = 0. What are the prime factors of h?
2, 3
Suppose 359*s = 239*s + 1410480. List the prime factors of s.
2, 3, 653
Let l = -536 + 1502. Suppose l = 4*q + 2*x, -q - 3*x + 61 = -183. List the prime factors of q.
241
Let r = -4 + -64. Let h = r - -69. List the prime factors of 9*h*3 - 28/(-7).
31
Let p = -203 + 199. List the prime factors of -4*(p/(-16) - 527/4).
2, 263
Suppose 2*m = 8, 9*q + 4*m = 5*q + 36928. What are the prime factors of q?
2, 3, 769
What are the prime factors of (-49006)/(-3) - (-106)/(-318)?
3, 5, 11
Let j(x) = 4*x**2 - 32. Let p be j(-15). Let o = p + -75. List the prime factors of o.
13, 61
Let y(j) = j**2 - 42*j + 294. Suppose -275 = 33*s - 2321. List the prime factors of y(s).
2, 13, 59
Let f(r) = -r**2 + 11*r + 7. Let a be f(11). Let u be a/(-2 + 1) + 4 + -3. List the prime factors of (346/u)/((-1)/3).
173
Let r = 19897 - 16274. List the prime factors of r.
3623
Suppose 11*p - 25 + 36 = 0. Let o be (3 - 154)*(p - 10) + -1. Suppose t = -9*t + o. What are the prime factors of t?
2, 83
Let r = -41426 - -58016. List the prime factors of r.
2, 3, 5, 7, 79
Suppose 2*r + 2*d - 27 = -11, 0 = -2*r + 3*d + 41. Let b(y) = y**3 - 12*y**2 - 14*y + 23. Let i be b(r). Suppose -i - 30 = -5*j. List the prime factors of j.
2
Suppose -281 = 16*u + 55. What are the prime factors of 36 + (-6)/u + 18/(-14)?
5, 7
Let a(x) = 43*x**3 + 30*x**2 - 42*x - 20. What are the prime factors of a(7)?
5, 3181
Suppose -38 = c - 7. Let z = 28 + c. List the prime factors of 70 + 5 + (z + 6 - 5).
73
Let n be -3028*(-4*3/(-24))/(-2). Suppose 4*f = -4*r + 1004, 24*f = 3*r + 29*f - n. What are the prime factors of r?
3, 83
Let m = -1146 + 361. Let w = -282 - m. List the prime factors of w.
503
Suppose 896809 = 23*y - 98815. What are the prime factors of y?
2, 7, 773
Let v = 5428 - 3431. What are the prime factors of v?
1997
Let h(s) = 7*s**3 + 2*s**2 - 14*s + 51. Let v be h(5). Suppose 0 = 2*o - 5*a - 1925 + 110, o - v = a. List the prime factors of o.
5, 181
Let a(l) = 3*l**2 - 12*l + 89. Suppose -5*w - 4*w + 72 = 0. List the prime factors of a(w).
5, 37
Suppose 5*v + 70*a = 69*a - 7, 3*v + 140 = -20*a. Let p = 5 + 0. Suppose z + v*l = 2*l + 66, -5*z + p*l + 350 = 0. What are the prime factors of z?
2, 37
Suppose 2*y - 21490 = -4*q, 0 = -5*q - 37*y + 32*y + 26850. List the prime factors of q.
5, 43
Let l(k) = 17 - 7*k - 11*k + 13*k. Let b be l(3). Suppose 4*h = -3*v + 671, -4*v + b*v + 450 = 4*h. List the prime factors of v.
13, 17
What are the prime factors of (-422674)/((-28)/4) - (-2 + 14)?
2, 5, 6037
Let w be (17/2 + -8)*8114. Suppose -w = -4*y + 1011. What are the prime factors of y?
7, 181
Let m(k) = -1 - 2*k + 3*k - 79*k - 3*k. Let y be m(-4). Suppose -y = -9*c + 568. List the prime factors of c.
3, 11
What are the prime factors of (-1456)/98 + 14 - (844932/(-21) + 5)?
7, 821
Suppose -32 = -8*l + 80. Let g(q) = -q**2 + 14*q + 13. List the prime factors of g(l).
13
Let i = -1682 - -2415. List the prime factors of i.
733
Suppose -5*u = -3*f + 3 - 2, 0 = f - 2. Let x be u/(30/9 - 3). Suppose -g + 91 = 4*y, -5*y - 63 = -x*g + 125. List the prime factors of g.
71
Let n be (35/(-14))/(1/(-4)). Suppose -8*j = n + 54. List the prime factors of (2 - (-252)/j)*-2.
59
Let b(o) = 5*o**2 - 43*o + 35. What are the prime factors of b(41)?
11, 607
Let b be (-1)/(-6) + 99598/228. Suppose -y = -b + 133. List the prime factors of y.
2, 19
Suppose -50*g - 2*o + 2370 = -48*g, -2*g - 4*o + 2364 = 0. Suppose 0 = 3*u - 2*j + 5*j - 1776, -g = -2*u + 2*j. List the prime factors of u.
593
Let w(o) = -14*o - 18*o - 66 + o. Let m be w(-15). Suppose m = 3*i - i + 3*b, 0 = b + 3. What are the prime factors of i?
2, 3, 17
Let m(z) = -2*z**2 - 60. Let h be m(0). Let y be 3/(-2) - 1/(8/h). Suppose 0 = -y*q + 365 + 463. List the prime factors of q.
2, 3, 23
Suppose 7*q = 228 + 10713. List the prime factors of q.
3, 521
Let r(d) = 7*d - 24 - 5*d - 16 - 4*d. Let h be r(-21). What are the prime factors of (h/2)/((-1)/(-21))?
3, 7
Let s(o) = -322*o - 2183. What are the prime factors of s(-60)?
17137
Suppose 11*r + 2*r - 23*r = -240540. What are the prime factors of r?
2, 3, 19, 211
Let v(f) = -4*f**3 + 2*f**2 - 6*f + 3. Let q be v(-3). Suppose -2*z + 11 + 55 = p, -2*p = -z - q. List the prime factors of p.
2, 3
What are the prime factors of (-660044)/(-154) - (2 + -13)?
4297
Suppose -5*w - 992 - 5308 = 0. Let b be w/40 - 2/4. Let y = 53 + b. What are the prime factors of y?
3, 7
Let o(m) = 5267*m - 1634. List the prime factors of o(7).
3, 5, 29
What are the prime factors of 128751/2*(-40)/(-70)?
2, 3, 6131
Suppose -6*j + 9*j - 6 = 0. Let s(c) = 12*c**3 + 4*c**2 - 2*c - 1. List the prime factors of s(j).
107
Suppose 5*g + 685 = 5*m, 2*g - m + 3*m = -286. Let o = 348 + g. What are the prime factors of o?
2, 13
List the prime factors of 1*-1141*(-7)/(-21)*-18.
2, 3, 7, 163
List the prime factors of -12*((-155)/4 - (-22 - -8 - -8)).
3, 131
Let o(q) = 6*q**2 + 82*q + 1118. List the prime factors of o(-24).
2, 1303
Let v = -38 + 33. List the prime factors of 1/v + (-14952)/(-60).
3, 83
Suppose -134*p + 6 = -137*p. What are the prime factors of 33/3*p*(6 + -38)?
2, 11
Let f(b) = 34*b**2 + 32*b + 91. List the prime factors of f(-16).
3, 11, 251
Suppose 5*p = -3*v + 228 + 241, -3*p - 5*v = -275. Suppose -3*o - 2*l + p = -240, 2*o + 5*l = 216. What are the prime factors of o?
113
Suppose 7*a + 4 - 4 = 0. Suppose -2*q + y + 4*y + 3475 = 0, -q - 3*y + 1721 = a. List the prime factors of q.
2, 5, 173
Let a(b) = 10*b**2 + 10*b + 14. Let g be a(-7). Let r = g - 294. What are the prime factors of r?
2, 5, 7
Let q be 94/(-235) - 13/5. What are the prime factors of 62880/256 - q/8?
2, 3, 41
Let k be 9347 + (52/(-8))/(-13)*-2. Suppose -5*r + k = 2*s, 2*r - 5*s - 3748 = -s. List the prime factors of r.
2, 5, 11, 17
What are the prime factors of (-10 + -244006)/(-16) - 13?
2, 19, 401
Let f(s) = 2*s**2 + 20*s + 41. Let t be f(-7). List the prime factors of ((-7408)/(-32))/(t/(-2)).
463
Suppose 11*c + 4*t + 4024 = 15*c, 5*c = -2*t + 5058. List the prime factors of c.
2, 5, 101
List the prime factors of ((-5310)/4)/(9/(-24)).
2, 3, 5, 59
Suppose -86388 = -13*b + 9*b + 2*h, -b + 21579 = 4*h. Suppose 21*t - b = -14*t. What are the prime factors of t?
617
Let s be (-11)/(-4) - 5/(-20). Suppose -s*a = -7*a - 12, h = 4*a + 16. Suppose 5*v - 6*q = -h*q + 1416, 2*q - 4 = 0. What are the prime factors of v?
2, 71
Let d = 55053 + -28733. List the prime factors of d.
2, 5, 7, 47
Let b = 2010 - -6830. List the prime factors of b.
2, 5, 13, 17
Suppose k - 9*u = -8*u + 15, -u + 63 = 5*k. Suppose 3*y = k + 77. Lis